666 (base 8) in base 5?
-104103010
What is 1ab76 (base 15) in base 7?
511350
1843cd (base 15) to base 9
2185834
What is -1100302003 (base 4) in base 3?
-121210212221
What is -101010101000010111101 (base 2) in base 3?
-2121222012222
What is -350151 (base 9) in base 8?
-632237
4853913 (base 10) to base 13
100c44c
Convert 671616 (base 11) to base 2.
100000101011100010011
What is -115660545 (base 7) in base 3?
-111201110220100
What is 36d7a4 (base 14) in base 3?
10112120110110
-96d81 (base 16) to base 5
-124232412
Convert -1840372 (base 9) to base 10.
-1030385
Convert 10012021120 (base 3) to base 14.
18cca
55102036 (base 7) to base 12
16b95b4
12111202100 (base 3) to base 7
631104
What is 5a4968 (base 11) in base 10?
958152
Convert a60b61 (base 13) to base 11.
2214870
Convert -113738 (base 11) to base 8.
-540535
Convert 10373351 (base 8) to base 12.
8b4175
113a5 (base 15) to base 9
83182
Convert -1020022210010 (base 3) to base 10.
-655941
Convert 10010101000100111011 (base 2) to base 3.
1011000121112
What is 27ee0 (base 16) in base 15?
336d7
What is e2b976 (base 16) in base 5?
12300433424
What is 14bcc (base 14) in base 8?
145020
Convert 120367 (base 9) to base 6.
1315311
14106560 (base 8) to base 7
36021532
464120 (base 12) to base 4
10103012220
What is -260067 (base 9) in base 5?
-20020100
Convert 329dd (base 15) to base 2.
100111010001011010
1120515 (base 7) to base 4
202003323
-493876 (base 15) to base 6
-203043333
Convert 10523516 (base 8) to base 9.
4241263
What is 25320445 (base 6) in base 13?
228b7b
13133135 (base 7) to base 2
100100101010111000100
11011101101011101011100 (base 2) to base 12
2523910
15142 (base 11) to base 6
243211
What is -1001111011110001001100 (base 2) in base 15?
-3668c3
Convert 19b32c (base 13) to base 12.
275b12
Convert -1020200020000 (base 3) to base 2.
-10100001110100100111
Convert -24126c (base 15) to base 6.
-100550533
What is 10000101110110000 (base 2) in base 9?
114002
What is 1111001000011001 (base 2) in base 8?
171031
-2013426 (base 7) to base 2
-111010010101100000
What is 213226 (base 9) in base 3?
20110020220
What is -2029b70 (base 13) in base 12?
-3314267
What is -3140500 (base 8) in base 3?
-1120110122102
6533 (base 8) to base 2
110101011011
Convert -318a5 (base 15) to base 8.
-463025
-26837 (base 10) to base 9
-40728
77319 (base 10) to base 5
4433234
What is 4026 (base 14) in base 7?
44046
What is 117516 (base 9) in base 11?
49497
2647359 (base 10) to base 6
132424143
-467626 (base 10) to base 4
-1302022222
-4266711 (base 11) to base 16
-72848d
1244468 (base 9) to base 2
10100101110010101101
What is 525ba6 (base 12) in base 14?
25a422
What is 1245450 (base 8) in base 14?
90600
Convert 718120 (base 9) to base 11.
270a33
61013341 (base 7) to base 16
4d3f71
3c04a (base 14) to base 8
441422
-11100010100000101 (base 2) to base 9
-186068
9382b9 (base 13) to base 6
201502510
52352122 (base 6) to base 8
5637122
Convert 702355 (base 11) to base 8.
4237712
Convert 251403123 (base 6) to base 2.
10010011100111111111011
What is -311031 (base 7) in base 12?
-26943
Convert 10011110100010110111 (base 2) to base 9.
1188724
3b4c4 (base 13) to base 9
177744
288765 (base 11) to base 3
211220101011
b3427 (base 14) to base 3
210221002012
What is 428372 (base 10) in base 11?
27292a
What is -6228 (base 13) in base 12?
-7a16
Convert -26421061 (base 7) to base 8.
-11201064
Convert 10774a (base 12) to base 16.
3ff6a
Convert 825929 (base 11) to base 16.
143999
Convert 20010211221112 (base 3) to base 8.
14347646
-2440052 (base 6) to base 15
-28622
56c88 (base 13) to base 15
31cbc
What is -15814 (base 12) in base 14?
-b1ba
What is -2a51190 (base 11) in base 4?
-103330131210
What is 201552455 (base 6) in base 15?
482b8e
56613 (base 16) to base 4
1112120103
-3021210010 (base 4) to base 11
-51431a
What is 13123203 (base 5) in base 4?
133230023
352d2 (base 14) to base 16
1fa08
162a71 (base 14) to base 4
2331122323
bb988 (base 14) to base 13
12bc28
25633 (base 12) to base 7
301506
What is 1404656 (base 7) in base 14?
4bdd6
51641063 (base 8) to base 9
22556258
1224347 (base 9) to base 7
5442202
What is -525522 (base 9) in base 4?
-1030101311
What is -6124057 (base 8) in base 11?
-a04078
1001953 (base 14) to base 10
7534117
What is -10010001110010010100000 (base 2) in base 4?
-102032102200
Convert -18e0 (base 16) to base 8.
-14340
-3400241 (base 5) to base 8
-164066
604120 (base 7) to base 9
165261
What is -2754a (base 12) in base 2?
-1101010001001010
Convert -150231 (base 15) to base 7.
-11416225
What is -467176 (base 15) in base 2?
-1100110101100101011011
What is -2053512 (base 6) in base 2?
-11000100100010100
-a6300 (base 13) to base 16
-49123
1267257 (base 8) to base 16
56eaf
Convert -205728 (base 9) to base 15.
-263ab
Convert -101002120020011 (base 3) to base 8.
-24356215
20a444 (base 11) to base 14
8a600
-433121 (base 8) to base 16
-23651
What is -141341 (base 9) in base 6?
-1503314
Convert 434ab (base 16) to base 13.
985c1
-11b57a (base 12) to base 10
-289390
-4212414 (base 6) to base 11
-12a348
Convert -1020033312 (base 4) to base 12.
-123306
Convert 14674572 (base 8) to base 6.
200145430
Convert -1303516 (base 7) to base 8.
-512615
-c861d (base 14) to base 13
-13c4a1
Convert -102980 (base 15) to base 6.
-24244450
430661 (base 9) to base 14
6963a
What is 2a2910 (base 13) in base 4?
3330132030
Convert -471445 (base 8) to base 2.
-100111001100100101
14666564 (base 9) to base 3
111202020122011
Convert 179760 (base 11) to base 8.
1033716
-2732314 (base 11) to base 13
-c922b2
-2274496 (base 10) to base 7
-25222120
Convert 112000111111 (base 3) to base 9.
460444
Convert -18297d (base 16) to base 9.
-2873117
20760 (base 8) to base 15
2893
What is 61561 (base 7) in base 16?
3abd
What is 3502d (base 15) in base 16?
29359
What is 10001101100100111011011 (base 2) in base 8?
21544733
What is 123033303020 (base 4) in base 16?
6cfcc8
Convert -7350c0 (base 14) to base 3.
-21022211102200
What is -10277375 (base 8) in base 9?
-4115217
What is -789039 (base 11) in base 3?
-2100211121021
Convert -10152313 (base 6) to base 4.
-1013331111
Convert -211202203213 (base 4) to base 13.
-2067301
What is 195876 (base 11) in base 2?
1001001010111101110
Convert -700894 (base 11) to base 2.
-100010011011111101100
Convert -1231614 (base 7) to base 15.
-32229
Convert 123110301 (base 4) to base 11.
770a7
What is -23134 (base 5) in base 16?
-685
What is 4010440 (base 5) in base 3?
10012202102
Convert -122cd7 (base 14) to base 16.
-9805d
Convert 11111001100101 (base 2) to base 8.
37145
-8a66e (base 15) to base 4
-1223132030
What is 2573b1 (base 14) in base 13?
361153
-648322 (base 9) to base 7
-3200132
111000110111101111010 (base 2) to base 8
7067572
12943213 (base 10) to base 4
301113331231
Convert -39755e (base 15) to base 13.
-757802
Convert -16c004 (base 14) to base 2.
-11000011100111100100
What is -6200208 (base 9) in base 10?
-3306914
-33926 (base 11) to base 14
-13c25
What is -1320131313 (base 4) in base 16?
-78777
What is cc33 (base 14) in base 10?
35325
What is 385aa3 (base 12) in base 15?
13355c
What is -2425240 (base 7) in base 11?
-1a1313
What is -101000011010011 (base 2) in base 9?
-31340
What is -3241300 (base 5) in base 11?
-38a40
Convert -e0e6 (base 15) to base 8.
-134552
Convert 28c019 (base 15) to base 2.
111011111100011110010
What is 1345517 (base 9) in base 15?
e8ded
What is -12205650 (base 7) in base 11?
-68834a
What is -1201112201000 (base 3) in base 5?
-213304022
What is -3857b (base 15) in base 7?
-1350056
What is -3553005 (base 6) in base 13?
-66863
18017b (base 13) to base 11
37a912
What is -1101000101010100011 (base 2) in base 10?
-428707
Convert -30111133 (base 4) to base 11.
-34a64
-1b3524 (base 13) to base 5
-134133210
-700220 (base 8) to base 4
-320002100
Convert -126541 (base 7) to base 4.
-11312011
What is -12151302 (base 6) in base 4?
-1132223312
What is -2582537 (base 10) in base 12?
-a46635
What is 1003989 (base 11) in base 12?
718258
Convert 406333 (base 7) to base 4.
100331101
What is -9865828 (base 10) in base 12?
-3379484
45253a (base 11) to base 7
6061136
-1588 (base 13) to base 6
-22334
What is -201884 (base 9) in base 10?
-119551
1033132221 (base 4) to base 5
40404140
Convert 3024333240 (base 5) to base 9.
12411586
What i